6
Let i(v) = -3*v + 34. Suppose 5*r = -2*d + 58, -163*r - d + 11 = -162*r. Determine i(r).
-2
Let f(s) = s**2 + 25*s + 48. Let o be f(-23). Let v(j) = -18*j + 22*j - 3 + 3*j**o - 4*j**2. Calculate v(2).
1
Let d(s) = s**2 - 21*s + 122. Let k be d(11). Let h(w) be the third derivative of -w**6/120 + 11*w**5/60 + 11*w**4/24 + 4*w**3/3 + 12*w**2. Determine h(k).
-4
Let n(o) be the second derivative of 1/3*o**4 + 1/60*o**5 - 25*o + 1/720*o**6 + 0*o**3 + 0 + 0*o**2. Let k(m) be the third derivative of n(m). Give k(3).
5
Let u(d) = d**2 - 9*d + 9. Let i(h) = -h**3 + 2*h**2 + 4*h - 3. Let a be i(-2). Let t = 14 + -11. Suppose t*o - 8 = -2*y, -5*o + 21 = a*y - 4. Determine u(y).
-5
Let x be (4*2/12)/((-14)/2163). Let h = 104 + x. Let w(v) = 8*v. Calculate w(h).
8
Let l(c) = 5*c**3 + 3*c + 8. Let f(p) = -4*p**3 + p**2 - 3*p - 6. Let z(k) = -4*f(k) - 3*l(k). Suppose 3*h - 2*o - 3 = 0, 6*h - 6 = 2*h + 2*o. Calculate z(h).
0
Let f = -1136 + 9089/8. Let j(u) be the third derivative of -1/6*u**3 - f*u**6 + 0*u + 0 + 1/24*u**4 - 8*u**2 + 0*u**5. What is j(1)?
-15
Let y(f) = -8*f + 85. Let k(r) = -9*r + 99. Let p(v) = 2*k(v) - 3*y(v). Determine p(12).
15
Let w(c) = c**2 - 7*c + 4. Let r = -16 - -27. Suppose -15*z = -r*z - 92. Let g(o) = o - 16. Let x be g(z). Give w(x).
4
Let l(o) = 3*o**2 - 2*o - 2. Let q(u) = 7*u - 168. Let m be q(24). Suppose 26*z - 48*z + 44 = m. Calculate l(z).
6
Let i(g) = g - 1. Let k = -5 - -11. Let d be i(k). Let a(x) be the third derivative of -x**5/60 + x**4/3 - 5*x**3/6 - 16*x**2 - 4*x. Determine a(d).
10
Suppose -5*k = 0, 5*f + 3*k + 39 - 34 = 0. Let p(t) = 24*t + 9. Give p(f).
-15
Let g(i) = 5*i**2 + 4*i - 3. Let t(o) = 26*o**2 - 412*o - 63. Let z be t(16). Calculate g(z).
6
Let j(i) = 4*i**2 - 3*i + 6. Let m(w) be the first derivative of -13*w**3/3 + 5*w**2 - 21*w - 227. Let o(z) = 7*j(z) + 2*m(z). What is o(2)?
6
Let t(p) = -p**3 - 4*p**2 - 2*p - 2. Suppose 0 = -3*w - l + 4*l + 192, 0 = -w - 4*l + 74. Suppose -25*r = -3*r + w. Calculate t(r).
-5
Suppose 3*k - 5*k + 256 = 0. Let c = k + -125. Let x(i) = -9*i - c + 2 + 22*i - 6*i. What is x(-1)?
-8
Let k(l) = -2*l**3 - 11*l**2 + 6*l + 4. Let c(b) = 64*b**3 + 91*b**3 - b**2 - 156*b**3 + 1. Let w = -1 - -4. Let r(m) = w*c(m) - k(m). Determine r(7).
6
Let p = -6128/3 + 12277/6. Let f(q) be the first derivative of 19 + q + p*q**2 + 1/3*q**3. Calculate f(-6).
-5
Let y(o) = o + 5. Suppose b + 25 = 5*x - 4*b, 0 = -x - 4*b. Let q be y(x). Suppose -10*v - q = 1. Let l(d) = 14*d**2 + 2*d + 1. Calculate l(v).
13
Let n(h) = -5*h + 2. Suppose 9 = -45*g + 46*g. Suppose -4 = -q - j, -6*j + g*j = 4*q - 2. What is n(q)?
-8
Let c(h) = 6*h - 12. Let b be (-84)/63*21/(-2). What is c(b)?
72
Suppose -23*q = 22*q + 54*q - 1089. Let u(g) = g**2 - 25*g + 149. Calculate u(q).
-5
Let q be (-46*(-9)/(-24))/(3/24). Suppose -2*j + 313 = -5*w, -118 = -j - 3*w + 11. Let u = j + q. Let o(m) = -m**3 + 6*m**2 - m - 7. Determine o(u).
-13
Let o(w) = 8*w + 80. Let m be o(-10). Let b(g) = -g**2 - g. Let q be b(0). Let n(u) = 66 + u + q*u**2 + u**2 - 68. Determine n(m).
-2
Suppose -v + 22 = -4*j, -2*v + 34 = v + 4*j. Let g(o) = 33*o + v - 29*o - 5*o. Determine g(7).
7
Let n(b) = -23*b - b**2 + 0*b**2 - 24*b + 41*b + 5 + 2*b**2. Determine n(8).
21
Let y = -17 - -21. Suppose -y*g = -8*g. Let i(m) = -5*m**2 + 5*m + 11. Let h(t) = 14*t**2 - 14*t - 32. Let s(k) = 6*h(k) + 17*i(k). Give s(g).
-5
Let g(s) = -s**2 - s + 14. Suppose 4*b + 139 = -149. Let v = b + 77. Suppose 0 = -v*j + 4*o + 20, 12 = -3*j - 3*o - 3. Calculate g(j).
14
Let z(g) = 5*g + 8547*g**2 + 3 - 7 - 17041*g**2 + 8462*g**2. What is z(2)?
-122
Let i(u) be the first derivative of u**2/2 - 8*u - 4120. Let q(w) be the second derivative of w**5/20 - w**4/4 + w**3/3 + 4*w. Let a be q(3). Calculate i(a).
-2
Let g(x) = -6 + 29*x - 16 + x**3 + 13 + 6*x**2 - 24*x. Calculate g(-5).
-9
Let r(o) = 2*o**3 + 2*o + 0 - 117*o**2 + 118*o**2 + 4. Let d be r(0). Let p(m) = -m**2 + 6*m - 7. Calculate p(d).
1
Let k(c) be the first derivative of 44 - c - 3/2*c**2. Determine k(7).
-22
Let s(v) = -5*v + 7. Let d(t) = t. Let o = 41 - 28. Let i = 11 - o. Let g(m) = i*d(m) - s(m). Give g(5).
8
Suppose -28 - 140 = -5*t + 3*s, -s + 76 = 2*t. Let a = 52 - t. Let b(k) = 3*k + k**2 - a + 28 - 9. Calculate b(-3).
3
Let r = 118252 + -118247. Let l(b) be the first derivative of -7*b**2/2 + b - 1. What is l(r)?
-34
Let h(j) be the third derivative of 3*j**4/8 + j**3 + 1981*j**2. Give h(0).
6
Let n(c) be the third derivative of -c**4/12 - 3*c**3/2 + 2*c**2 - 311. Give n(-7).
5
Let p(y) = 1 + 10 + 2 + 13*y - 3*y + 6. Calculate p(-4).
-21
Suppose 5*c - c = -28. Let m(h) = 1874*h**2 - 9*h - 13 - 3 - 1875*h**2. Let n be m(c). Let r(l) = l**2 + 2*l + 1. Give r(n).
1
Let s(u) = 5*u - 9*u - 207 + 211. Determine s(0).
4
Let w(q) = q**3 - 11*q**2 - 8*q - 33. Let x be w(12). Let b(y) = 15*y - x*y + 2 - 2*y. Determine b(-3).
8
Let v(t) = -7*t**2 + 26*t + 83. Let c be v(-2). Let w(o) = 14*o - 36. Calculate w(c).
6
Let a(h) be the first derivative of -h**4/8 - h**3/3 + 48*h**2 + 13. Let p(k) be the second derivative of a(k). Calculate p(2).
-8
Let v be 58/87 - (-10)/3. Let k(z) = -5*z - 5. Let s(j) = 15*j + 14. Let d(u) = 3*u - 2. Let n be d(2). Let r(a) = n*s(a) + 11*k(a). What is r(v)?
21
Let a(o) = o**2 + 9*o + 8. Let m = -414 + 437. Suppose -9*n + m = -4*z - 10*n, -n = -1. Determine a(z).
-10
Let v = -226 - -237. Suppose 0 = -o + 3*w + 12, -3*o + 2 = -5*w - 26. Let a(u) = -o + 6 - 4*u + v*u. Determine a(-1).
-7
Let c be (-2 + (-675)/(-325))*0. Let s(g) = g**3 + 5*g**2 - 3*g + 13. What is s(c)?
13
Suppose -3*d + 4*d - 8 = 0. Suppose -d*q + 5*q = 15. Let c(u) be the second derivative of -u**5/20 - u**4/3 + 2*u**3/3 - 3*u**2 + u. Determine c(q).
-1
Let x(q) be the second derivative of -q**5/20 + 13*q**4/4 - 37*q**3/3 + 13*q**2/2 + 414*q + 6. What is x(37)?
13
Let i(v) = -4*v**2 + 1. Let y(d) = 4*d + 59. Let j be y(-13). Suppose -4*z + 5*z + 5*l = -9, -3*l - j = -z. What is i(z)?
-3
Let j(u) = -3*u + 7. Suppose 18*w - 7*w = 0. Suppose w = -41*m + 46*m + 30. Calculate j(m).
25
Let i(z) = z**2 + 9*z + 8. Let y(b) = 2*b**3 - b + 9. Let f be y(0). Let g(q) = q**2 - 6*q - 19. Let d be g(f). Suppose 5*w - 21 = d*w. Determine i(w).
-6
Let h(t) = 3*t + 162*t**2 - 161*t**2 + 10 - 7. Let y = -55 + 52. What is h(y)?
3
Let w(f) = -394*f + 2 + 0 + 403*f + 45. Give w(-9).
-34
Let g(b) = -b**3 + 8*b**2 + 9*b - 6. Let r be g(9). Let q(i) = -7*i**2 - 17*i + 1. Let k(a) = 4*a**2 + 9*a - 1. Let s(o) = 5*k(o) + 3*q(o). What is s(r)?
-2
Suppose v = -18*v + 304. Let u be 284/16 - (-4)/v. Let i = u + -13. Let m(c) = c - 10. Determine m(i).
-5
Let u(p) = -2 + 1 - 32*p**2 + 25*p**2 + 6*p**2 - 3*p - 2*p**3. Determine u(-3).
53
Let q(p) be the first derivative of -p**3/3 - 3*p**2 + 21*p + 977. What is q(-8)?
5
Let p(w) = -w**2 + 5*w + 80. Let i be 1/(-4) + (-938)/56 + 10. Give p(i).
-4
Let r(q) be the second derivative of -q**3/2 - 7*q**2/2 + 574*q + 2. Suppose 4*u + 6 = -0*u - 2*f, 2*u - 5*f + 21 = 0. Give r(u).
2
Suppose 0*h - 7 = -h. Let g(o) = o + 3. Let p(q) = -3*q - 7. Suppose -60*z - 31*z + 78 = -195. Let c(w) = h*g(w) + z*p(w). Determine c(6).
-12
Suppose 6*r = -4*r + 90. Let y(k) = 2*k - 12*k - 6 - 7 + r*k. Determine y(-9).
-4
Let v = 67 + -60. Let k(d) = 3*d - 45. Let f be k(17). Let p(g) = -f*g - 2*g**2 + 3*g**2 + 0*g. Give p(v).
7
Suppose 0 = 2*w + 2*w. Suppose -t = -w*t + 2. Let p(i) be the first derivative of i**2 + 2*i + 5128. Calculate p(t).
-2
Let u be 0 + 2/(-18) - (-5520)/(-621). Let i(y) = 118*y**3 - y - 9*y**2 - 119*y**3 - y - 11. Determine i(u).
7
Let w(j) = j**2 + 8*j + 4. Let o(z) = 7*z + 137. Let t be o(-18). Let a(i) = -i**3 + 2*i + 1. Let n be a(-1). Suppose n = -t*q + 13*q + 10. Calculate w(q).
-11
Let v(f) = 4 - 5 - 1 + f**2 - 5*f - 3. Let z be (((-3)/(-1))/(-9))/(1/51). Let g(q) = q**3 + 17*q**2 - 2*q - 28. Let s be g(z). Calculate v(s).
1
Let c(s) be the second derivative of s**3/2 - 9*s**2/2 + s - 26. Determine c(6).
9
Let r(o) = o + 12. Let t be r(-9). Let x be (9/t)/((-3)/(-9)). Suppose -5*l + 15 = 0, -4*v - 2*l = -7*l - x. Let u(y) = -y**2 + 10*y - 9. Give u(v).
15
Let n(u) = -2*u - 14. Let x be n(-8). Let g(r) = 89*r - 83*r + 5 - r**x - 3. Suppose 0 = -2*l + 4*l - 10. Calculate g(l).
7
Let l(m